t the prime factors of 3414774.
2, 3, 11, 31, 1669
List the prime factors of 211252.
2, 52813
What are the prime factors of 677022?
2, 3, 53, 2129
List the prime factors of 8248428.
2, 3, 229123
List the prime factors of 4845022.
2, 7, 13, 3803
What are the prime factors of 4379422?
2, 71, 30841
What are the prime factors of 15356?
2, 11, 349
List the prime factors of 317140.
2, 5, 101, 157
List the prime factors of 432812.
2, 108203
What are the prime factors of 259807?
73, 3559
List the prime factors of 2300675.
5, 13, 7079
List the prime factors of 208200.
2, 3, 5, 347
List the prime factors of 808098.
2, 3, 134683
What are the prime factors of 979725?
3, 5, 13063
What are the prime factors of 254691?
3, 9433
List the prime factors of 261912.
2, 3, 7, 1559
List the prime factors of 3571940.
2, 5, 178597
List the prime factors of 199605.
3, 5, 7, 1901
What are the prime factors of 773791?
31, 109, 229
What are the prime factors of 167820?
2, 3, 5, 2797
List the prime factors of 1368574.
2, 684287
What are the prime factors of 17800488?
2, 3, 247229
List the prime factors of 404557.
404557
What are the prime factors of 2610696?
2, 3, 11, 29, 31
What are the prime factors of 65995?
5, 67, 197
What are the prime factors of 707137?
829, 853
What are the prime factors of 21927?
3, 7309
What are the prime factors of 57125?
5, 457
List the prime factors of 20720059.
17, 31, 39317
What are the prime factors of 327302?
2, 37, 4423
What are the prime factors of 2239306?
2, 1119653
What are the prime factors of 166394?
2, 271, 307
What are the prime factors of 576758?
2, 7, 13, 3169
What are the prime factors of 1913695?
5, 7, 73, 107
List the prime factors of 1045173.
3, 137, 2543
What are the prime factors of 1098886?
2, 549443
List the prime factors of 31940996.
2, 7985249
List the prime factors of 90174.
2, 3, 7, 19, 113
List the prime factors of 55465.
5, 11093
List the prime factors of 4788201.
3, 11, 373, 389
List the prime factors of 6927458.
2, 3463729
What are the prime factors of 3810441?
3, 1270147
What are the prime factors of 18536408?
2, 11, 37, 5693
List the prime factors of 762298.
2, 113, 3373
What are the prime factors of 20460476?
2, 41, 124759
List the prime factors of 6573944.
2, 13, 63211
List the prime factors of 4471142.
2, 13, 383, 449
What are the prime factors of 592951?
349, 1699
List the prime factors of 83741.
7, 1709
What are the prime factors of 330702?
2, 3, 55117
List the prime factors of 117540.
2, 3, 5, 653
List the prime factors of 217726.
2, 108863
List the prime factors of 617688.
2, 3, 23, 373
What are the prime factors of 2758189?
7, 67, 5881
List the prime factors of 7990144.
2, 62423
What are the prime factors of 388824?
2, 3, 17, 953
List the prime factors of 8633608.
2, 461, 2341
List the prime factors of 1218195.
3, 5, 11, 23, 107
What are the prime factors of 2108373?
3, 19, 47, 787
List the prime factors of 756826.
2, 7, 54059
What are the prime factors of 6079524?
2, 3, 11, 53, 79
What are the prime factors of 8466988?
2, 2116747
What are the prime factors of 25114799?
103, 109, 2237
What are the prime factors of 304064?
2, 4751
List the prime factors of 3888341.
3888341
What are the prime factors of 7174384?
2, 7, 9151
What are the prime factors of 5676448?
2, 179, 991
What are the prime factors of 1825485?
3, 5, 131, 929
List the prime factors of 142233.
3, 7, 13, 521
What are the prime factors of 3102485?
5, 719, 863
What are the prime factors of 1040613?
3, 7, 7079
List the prime factors of 990702.
2, 3, 23, 2393
List the prime factors of 1447597.
23, 62939
What are the prime factors of 309277?
309277
List the prime factors of 8096747.
37, 59, 3709
What are the prime factors of 2980877?
89, 33493
List the prime factors of 764833.
173, 4421
What are the prime factors of 1316646?
2, 3, 193, 379
List the prime factors of 2955422.
2, 1477711
What are the prime factors of 10403740?
2, 5, 643, 809
List the prime factors of 29252176.
2, 443, 4127
List the prime factors of 444254.
2, 222127
List the prime factors of 17838874.
2, 8919437
List the prime factors of 202274.
2, 19, 5323
What are the prime factors of 71474?
2, 13, 2749
List the prime factors of 29497459.
29497459
What are the prime factors of 24340358?
2, 7, 248371
List the prime factors of 98731.
98731
What are the prime factors of 518738?
2, 11, 17, 19, 73
What are the prime factors of 194270?
2, 5, 19427
List the prime factors of 492050.
2, 5, 13, 757
List the prime factors of 1846832.
2, 13, 683
List the prime factors of 3483244.
2, 870811
List the prime factors of 318901.
11, 53, 547
What are the prime factors of 265332?
2, 3, 22111
What are the prime factors of 1940507?
31, 62597
List the prime factors of 3062629.
19, 359, 449
What are the prime factors of 2264?
2, 283
What are the prime factors of 378993?
3, 19, 61, 109
List the prime factors of 611693.
611693
List the prime factors of 1428504.
2, 3, 7, 11, 773
What are the prime factors of 3455196?
2, 3, 287933
List the prime factors of 198932.
2, 41, 1213
List the prime factors of 475266.
2, 3, 11, 19, 379
What are the prime factors of 1760100?
2, 3, 5, 5867
List the prime factors of 15397.
89, 173
What are the prime factors of 250510?
2, 5, 13, 41, 47
List the prime factors of 7653157.
7653157
What are the prime factors of 747792?
2, 3, 577
What are the prime factors of 878818?
2, 439409
What are the prime factors of 7293070?
2, 5, 23, 37, 857
What are the prime factors of 737928?
2, 3, 37, 277
List the prime factors of 15002705.
5, 3000541
List the prime factors of 106350.
2, 3, 5, 709
What are the prime factors of 280794?
2, 3, 53, 883
List the prime factors of 46192.
2, 2887
What are the prime factors of 704090?
2, 5, 181, 389
List the prime factors of 4008120.
2, 3, 5, 127, 263
List the prime factors of 3364091.
41, 82051
List the prime factors of 31375.
5, 251
What are the prime factors of 13792492?
2, 7, 191, 2579
List the prime factors of 240852.
2, 3, 20071
What are the prime factors of 6026338?
2, 31, 37, 71
What are the prime factors of 184270?
2, 5, 18427
List the prime factors of 421471.
421471
What are the prime factors of 1804092?
2, 3, 149, 1009
List the prime factors of 1391182.
2, 13, 53507
List the prime factors of 2640908.
2, 660227
List the prime factors of 116540.
2, 5, 5827
List the prime factors of 1011400.
2, 5, 13, 389
List the prime factors of 85569.
3, 11, 2593
List the prime factors of 12611743.
197, 64019
List the prime factors of 9782951.
9782951
What are the prime factors of 1307910?
2, 3, 5, 43597
What are the prime factors of 10967984?
2, 37, 97, 191
List the prime factors of 580634.
2, 290317
What are the prime factors of 651153?
3, 23, 9437
List the prime factors of 40222.
2, 7, 13, 17
What are the prime factors of 393247?
393247
List the prime factors of 712360.
2, 5, 11, 1619
What are the prime factors of 11372128?
2, 355379
What are the prime factors of 156774?
2, 3, 17, 29, 53
What are the prime factors of 3339700?
2, 5, 7, 13, 367
What are the prime factors of 1380558?
2, 3, 43, 5351
What are the prime factors of 878692?
2, 23, 9551
What are the prime factors of 440758?
2, 31, 7109
List the prime factors of 202395.
3, 5, 103, 131
List the prime factors of 90410.
2, 5, 9041
List the prime factors of 7930420.
2, 5, 31, 12791
List the prime factors of 18657758.
2, 7, 67, 19891
What are the prime factors of 45167167?
45167167
What are the prime factors of 1072632?
2, 3, 11, 17, 239
What are the prime factors of 2054115?
3, 5, 7, 6521
What are the prime factors of 13387173?
3, 23, 194017
List the prime factors of 1989016.
2, 248627
What are the prime factors of 3967712?
2, 7, 17713
What are the prime factors of 768746?
2, 11, 83, 421
List the prime factors of 29729952.
2, 3, 7, 14747
What are the prime factors of 3850949?
3850949
List the prime factors of 1242896.
2, 77681
List the prime factors of 412079.
151, 2729
List the prime factors of 1097312.
2, 53, 647
List the prime factors of 20003361.
3, 7, 952541
What are the prime factors of 14430900?
2, 3, 5, 11, 4373
What are the prime factors of 4181810?
2, 5, 418181
List the prime factors of 3955228.
2, 31, 167, 191
What are the prime factors of 266879?
31, 8609
What are the prime factors of 4559